97
What are the prime factors of 117392592?
2, 3, 467, 5237
List the prime factors of 245783999.
83, 2961253
What are the prime factors of 387246143?
53, 7306531
What are the prime factors of 206992841?
11, 43, 47, 9311
List the prime factors of 181812436.
2, 13, 109, 32077
List the prime factors of 5181572921.
7, 593, 1248271
What are the prime factors of 158726121?
3, 52908707
List the prime factors of 396861961.
396861961
List the prime factors of 63433454.
2, 7, 101, 113, 397
List the prime factors of 40950214.
2, 20475107
List the prime factors of 4954045673.
599, 8270527
What are the prime factors of 17152676?
2, 109, 39341
List the prime factors of 1602255817.
16217, 98801
What are the prime factors of 224209490?
2, 5, 22420949
What are the prime factors of 169601719?
7, 24228817
List the prime factors of 1751091306.
2, 3, 3167, 92153
List the prime factors of 120182197.
17, 71, 99571
List the prime factors of 483401582.
2, 313, 772207
What are the prime factors of 34190672?
2, 17, 337, 373
What are the prime factors of 550967981?
47, 11722723
List the prime factors of 23097477.
3, 13, 227, 2609
List the prime factors of 431150146.
2, 7, 30796439
List the prime factors of 32395959.
3, 1319, 2729
List the prime factors of 445703842.
2, 29, 7684549
What are the prime factors of 26615193?
3, 11, 806521
List the prime factors of 26582507.
7, 3797501
List the prime factors of 1596156359.
7, 6269, 36373
List the prime factors of 104224178.
2, 17, 23, 133279
What are the prime factors of 182194738?
2, 11, 8281579
List the prime factors of 42276287.
29, 1457803
What are the prime factors of 4762704582?
2, 3, 349, 84239
List the prime factors of 9437924489.
7, 23, 58620649
What are the prime factors of 1217456?
2, 76091
What are the prime factors of 13768460?
2, 5, 688423
List the prime factors of 3845742856.
2, 17, 28277521
List the prime factors of 1228407805.
5, 23, 251, 42557
List the prime factors of 1458332702.
2, 43, 16957357
List the prime factors of 155334150.
2, 3, 5, 29, 11903
List the prime factors of 58674096.
2, 3, 13, 2411
List the prime factors of 1284324426.
2, 3, 7, 11, 41, 97, 233
List the prime factors of 1336250489.
7, 190892927
What are the prime factors of 435375344?
2, 43, 632813
List the prime factors of 7413848.
2, 13, 71287
What are the prime factors of 2213617268?
2, 19, 71, 410233
List the prime factors of 20856033.
3, 11, 293, 719
What are the prime factors of 39618534?
2, 3, 17, 19, 20443
What are the prime factors of 6207740056?
2, 7, 110852501
What are the prime factors of 5332073070?
2, 3, 5, 3319, 53551
What are the prime factors of 5332598908?
2, 7, 13, 41, 79, 4523
List the prime factors of 8737045993.
13, 51698497
What are the prime factors of 202832562?
2, 3, 19, 151, 11783
What are the prime factors of 3169150?
2, 5, 241, 263
List the prime factors of 2693326456.
2, 17, 19, 1042309
What are the prime factors of 1498949787?
3, 101, 4947029
List the prime factors of 67232121.
3, 11, 29, 163, 431
List the prime factors of 5058020908.
2, 1264505227
List the prime factors of 2789808763.
7, 1151, 346259
What are the prime factors of 2530280820?
2, 3, 5, 43, 980729
What are the prime factors of 118678369?
118678369
What are the prime factors of 1096631491?
29, 37814879
What are the prime factors of 2493327417?
3, 7, 16961411
List the prime factors of 575135132.
2, 11, 13, 1005481
List the prime factors of 710725652.
2, 7, 13, 41, 47623
List the prime factors of 563656062.
2, 3, 157, 167, 3583
List the prime factors of 2062076138.
2, 1031038069
List the prime factors of 1789648576.
2, 27963259
List the prime factors of 42842706.
2, 3, 43, 211, 787
What are the prime factors of 294696262?
2, 7, 881, 23893
What are the prime factors of 52519090?
2, 5, 13, 403993
List the prime factors of 948551145.
3, 5, 63236743
List the prime factors of 1204514950.
2, 5, 1439, 16741
List the prime factors of 1616748258.
2, 3, 269458043
What are the prime factors of 647159706?
2, 3, 17, 234989
List the prime factors of 120987032.
2, 2797, 5407
What are the prime factors of 2710307849?
2710307849
List the prime factors of 28682013.
3, 1061, 9011
List the prime factors of 72724193.
233, 312121
What are the prime factors of 319831064?
2, 7, 17, 335957
What are the prime factors of 86001801?
3, 37, 774791
What are the prime factors of 217274262?
2, 3, 36212377
List the prime factors of 497102776.
2, 19, 172127
What are the prime factors of 199762879?
727, 274777
List the prime factors of 94232452.
2, 997, 23629
List the prime factors of 42231947.
61, 692327
What are the prime factors of 93838477?
113, 757, 1097
What are the prime factors of 615306150?
2, 3, 5, 53, 25799
What are the prime factors of 705408001?
705408001
What are the prime factors of 75983700?
2, 3, 5, 13, 19483
What are the prime factors of 407031688?
2, 7, 7268423
What are the prime factors of 965129644?
2, 17, 83, 271, 631
List the prime factors of 2599725437.
59, 44063143
What are the prime factors of 24014864?
2, 1500929
What are the prime factors of 78490755?
3, 5, 7, 83059
What are the prime factors of 1810158880?
2, 5, 19, 23, 25889
List the prime factors of 373870140.
2, 3, 5, 7, 179, 4973
What are the prime factors of 3301282174?
2, 1650641087
List the prime factors of 1352153.
11, 83, 1481
List the prime factors of 415797521.
6079, 68399
What are the prime factors of 23630751?
3, 875213
List the prime factors of 74722836.
2, 3, 6226903
What are the prime factors of 62620256?
2, 1956883
List the prime factors of 314895800.
2, 5, 1574479
List the prime factors of 158964969.
3, 421, 125863
List the prime factors of 342362407.
342362407
List the prime factors of 330494304.
2, 3, 7, 151, 3257
List the prime factors of 817704836.
2, 13, 59, 311, 857
What are the prime factors of 16733624?
2, 2091703
List the prime factors of 2171951828.
2, 331, 1640447
What are the prime factors of 194056387?
7, 27722341
List the prime factors of 175838261.
3137, 56053
What are the prime factors of 78168420?
2, 3, 5, 11, 37, 97
List the prime factors of 1408669961.
163, 8642147
List the prime factors of 279574821.
3, 23, 150067
What are the prime factors of 478357728?
2, 3, 47, 106019
List the prime factors of 1198559180.
2, 5, 7, 13, 658549
What are the prime factors of 596459328?
2, 3, 47, 157, 421
List the prime factors of 3582172686.
2, 3, 37, 16135913
What are the prime factors of 114773631?
3, 7, 111539
What are the prime factors of 3854865529?
83, 46444163
What are the prime factors of 20145256?
2, 29, 71, 1223
List the prime factors of 8013243.
3, 7, 163, 2341
List the prime factors of 3142483194.
2, 3, 163, 1609, 1997
What are the prime factors of 122766492?
2, 3, 59, 317, 547
List the prime factors of 1693538860.
2, 5, 13, 71, 7057
List the prime factors of 19425593.
11, 23, 76781
What are the prime factors of 407266752?
2, 3, 2121181
List the prime factors of 137659935.
3, 5, 7, 1311047
What are the prime factors of 44121979?
11, 67, 131, 457
What are the prime factors of 2750442?
2, 3, 458407
List the prime factors of 3283939844.
2, 17, 48293233
What are the prime factors of 540058366?
2, 2137, 126359
List the prime factors of 936782684.
2, 234195671
List the prime factors of 287118277.
61, 4706857
List the prime factors of 2135392158.
2, 3, 31, 11480603
What are the prime factors of 236945346?
2, 3, 11, 389, 839
What are the prime factors of 9001720?
2, 5, 7, 13, 2473
List the prime factors of 194209967.
7, 53, 137, 3821
List the prime factors of 479694298.
2, 8311, 28859
List the prime factors of 540907808.
2, 7, 19, 73, 1741
List the prime factors of 87877328.
2, 7, 11, 71329
What are the prime factors of 206884728?
2, 3, 701, 4099
What are the prime factors of 4200415879?
11, 17, 1321301
What are the prime factors of 1694333125?
5, 2710933
What are the prime factors of 74271803?
83, 107, 8363
List the prime factors of 15276623.
23, 283, 2347
List the prime factors of 77397191.
137, 229, 2467
What are the prime factors of 133254748?
2, 11, 3028517
List the prime factors of 450680944.
2, 7, 4023937
What are the prime factors of 83433931?
7, 2297, 5189
List the prime factors of 1013666069.
13, 1307, 59659
List the prime factors of 1509380203.
10723, 140761
What ar